igit of 3219?
1
What is the tens digit of 33360?
6
What is the tens digit of 3197?
9
What is the hundred thousands digit of 106368?
1
What is the units digit of 1434?
4
What is the hundreds digit of 857?
8
What is the units digit of 4069?
9
What is the hundreds digit of 5675?
6
What is the units digit of 66018?
8
What is the hundreds digit of 132?
1
What is the thousands digit of 3437?
3
What is the hundreds digit of 11421?
4
What is the tens digit of 3899?
9
What is the units digit of 8203?
3
What is the thousands digit of 3007?
3
What is the units digit of 3024?
4
What is the units digit of 6864?
4
What is the thousands digit of 16098?
6
What is the units digit of 5471?
1
What is the tens digit of 7490?
9
What is the hundreds digit of 751?
7
What is the tens digit of 21426?
2
What is the hundreds digit of 5153?
1
What is the tens digit of 7254?
5
What is the units digit of 424?
4
What is the units digit of 896?
6
What is the tens digit of 31535?
3
What is the hundreds digit of 6781?
7
What is the units digit of 183?
3
What is the units digit of 87774?
4
What is the units digit of 2334?
4
What is the thousands digit of 18441?
8
What is the ten thousands digit of 39340?
3
What is the units digit of 770?
0
What is the tens digit of 8053?
5
What is the hundreds digit of 133757?
7
What is the thousands digit of 2052?
2
What is the ten thousands digit of 10656?
1
What is the hundreds digit of 28968?
9
What is the units digit of 1156?
6
What is the units digit of 1066?
6
What is the units digit of 97925?
5
What is the ten thousands digit of 13755?
1
What is the hundreds digit of 563?
5
What is the hundreds digit of 1238?
2
What is the units digit of 3863?
3
What is the hundreds digit of 80661?
6
What is the thousands digit of 31335?
1
What is the units digit of 1622?
2
What is the ten thousands digit of 22441?
2
What is the tens digit of 1574?
7
What is the hundreds digit of 7098?
0
What is the units digit of 1241?
1
What is the thousands digit of 8448?
8
What is the thousands digit of 1029?
1
What is the hundreds digit of 725?
7
What is the ten thousands digit of 43938?
4
What is the units digit of 9718?
8
What is the ten thousands digit of 13527?
1
What is the tens digit of 4553?
5
What is the tens digit of 39?
3
What is the ten thousands digit of 17604?
1
What is the hundreds digit of 2293?
2
What is the thousands digit of 62352?
2
What is the tens digit of 4681?
8
What is the units digit of 2190?
0
What is the thousands digit of 12977?
2
What is the units digit of 342?
2
What is the units digit of 1236?
6
What is the thousands digit of 108812?
8
What is the hundreds digit of 1713?
7
What is the thousands digit of 30189?
0
What is the units digit of 4416?
6
What is the tens digit of 3316?
1
What is the thousands digit of 4779?
4
What is the hundreds digit of 32756?
7
What is the thousands digit of 20086?
0
What is the hundreds digit of 29351?
3
What is the thousands digit of 2317?
2
What is the hundreds digit of 32832?
8
What is the ten thousands digit of 27445?
2
What is the tens digit of 2389?
8
What is the tens digit of 821?
2
What is the tens digit of 19954?
5
What is the thousands digit of 1007?
1
What is the tens digit of 7355?
5
What is the tens digit of 33323?
2
What is the tens digit of 865?
6
What is the hundreds digit of 48981?
9
What is the thousands digit of 3810?
3
What is the thousands digit of 14882?
4
What is the tens digit of 56795?
9
What is the thousands digit of 4628?
4
What is the tens digit of 6695?
9
What is the tens digit of 5741?
4
What is the hundreds digit of 12746?
7
What is the units digit of 80675?
5
What is the units digit of 2800?
0
What is the tens digit of 1949?
4
What is the tens digit of 8773?
7
What is the units digit of 3315?
5
What is the hundreds digit of 274?
2
What is the units digit of 15479?
9
What is the tens digit of 717?
1
What is the hundreds digit of 3368?
3
What is the ten thousands digit of 99375?
9
What is the hundreds digit of 877?
8
What is the units digit of 52886?
6
What is the tens digit of 111901?
0
What is the hundreds digit of 31130?
1
What is the units digit of 326?
6
What is the hundreds digit of 225?
2
What is the hundreds digit of 237?
2
What is the units digit of 54?
4
What is the thousands digit of 11481?
1
What is the thousands digit of 1821?
1
What is the tens digit of 74439?
3
What is the units digit of 285?
5
What is the thousands digit of 11499?
1
What is the hundreds digit of 148?
1
What is the tens digit of 276?
7
What is the hundreds digit of 6888?
8
What is the units digit of 5835?
5
What is the units digit of 28?
8
What is the units digit of 9688?
8
What is the thousands digit of 70638?
0
What is the thousands digit of 9661?
9
What is the tens digit of 162?
6
What is the tens digit of 687?
8
What is the tens digit of 897?
9
What is the thousands digit of 45777?
5
What is the tens digit of 4733?
3
What is the tens digit of 20609?
0
What is the thousands digit of 17402?
7
What is the tens digit of 90?
9
What is the hundreds digit of 1691?
6
What is the tens digit of 6765?
6
What is the hundreds digit of 6682?
6
What is the hundreds digit of 25098?
0
What is the tens digit of 1269?
6
What is the units digit of 88580?
0
What is the thousands digit of 1148?
1
What is the tens digit of 6895?
9
What is the units digit of 68949?
9
What is the ten thousands digit of 63979?
6
What is the units digit of 5199?
9
What is the units digit of 6072?
2
What is the tens digit of 751?
5
What is the hundreds digit of 15482?
4
What is the thousands digit of 1614?
1
What is the tens digit of 53?
5
What is the tens digit of 46906?
0
What is the thousands digit of 13125?
3
What is the thousands digit of 1484?
1
What is the tens digit of 875?
7
What is the thousands digit of 3597?
3
What is the hundreds digit of 8673?
6
What is the tens digit of 3236?
3
What is the hundreds digit of 324?
3
What is the tens digit of 40965?
6
What is the tens digit of 2503?
0
What is the thousands digit of 2173?
2
What is the ten thousands digit of 89555?
8
What is the units digit of 3283?
3
What is the hundreds digit of 52126?
1
What is the hundreds digit of 38590?
5
What is the tens digit of 16403?
0
What is the units digit of 89350?
0
What is the hundreds digit of 190?
1
What is the thousands digit of 5132?
5
What is the tens digit of 9081?
8
What is the tens digit of 18017?
1
What is the tens digit of 69415?
1
What is the tens digit of 71437?
3
What is the thousands digit of 3087?
3
What is the hundreds digit of 7149?
1
What is the tens digit of 11621?
2
What is the units digit of 2303?
3
What is the tens digit of 3639?
3
What is the hundreds digit of 10041?
0
What is the units digit of 8506?
6
What is the units digit of 18319?
9
What is the hundreds digit of 6611?
6
What is the thousands digit of 15638?
5
What is the hundreds digit of 353?
3
What is the hundreds digit of 353?
3
What is the units digit of 104773?
3
What is the hundreds digit of 8533?
5
What is the thousands digit of 1940?
1
What is the tens digit of 1695?
9
What is the units digit of 3437?
7
What is the ten thousands digit of 34298?
3
What is the tens digit of 13763?
6
What is the thousands digit of 1162?
1
What is the tens digit of 8440?
4
What is the tens digit of 60594?
9
What is the units digit of 1372?
2
What is the thousands digit of 1603?
1
What is the tens digit of 2667?
6
What is the hundreds digit of 247?
2
What is the tens digit of 7639?
3
What is the tens digit of 30?
3
What is the hundreds digit of 92348?
3
What is the tens digit of 1162?
6
What is the units digit of 883?
3
What is the thousands digit of 15032?
5
What is the tens digit of 27?
2
What is the tens digit of 6201?
0
What is the hundreds digit of 19029?
0
What is the units digit of 707?
7
What is the hundreds digit of 13536?
5
What is the units digit of 16637?
7
What is the hundreds digit of 30073?
0
What is the units digit of 7108?
8
What is the tens digit of 1622?
2
What is the thousands digit of 47701?
7
What is the tens digit of 60392?
9
What is the tens digit of 124?
2
What is the ten thousands digit of 56807?
5
What is the hundreds digit of 2190?
1
What is the hundreds digit of 692?
6
What is the thousands digit of 13397?
3
What is the units digit of 1437?
7
